{"id":1051,"date":"2022-01-04T22:45:05","date_gmt":"2022-01-04T21:45:05","guid":{"rendered":"https:\/\/www.johannesborisborowski.de\/?page_id=1051"},"modified":"2022-01-04T22:45:22","modified_gmt":"2022-01-04T21:45:22","slug":"ach","status":"publish","type":"page","link":"https:\/\/www.johannesborisborowski.de\/en\/ach\/","title":{"rendered":"Ach"},"content":{"rendered":"\n<p><strong>Ach<\/strong> for soprano and ensemble (2019\/20)<br>bfl.bcl.bn-pno-s-vln.vla.vc<br>(12 min)<br><br><strong>Publisher<\/strong><br><a rel=\"noreferrer noopener\" href=\"http:\/\/www.boosey.com\/Borowski\" target=\"_blank\">Boosey &amp; Hawkes Berlin<\/a><br><br><strong>First performance <br><\/strong>Julia Spaeth, Ensemble Aventure, Freiburg, Germany, July 23rd, 2021<br><br><strong>Texts<\/strong><br>Composer&#8217;s Note (01\/2020), only in German<br><br>Gedanken zu &#8220;Ach&#8221;, Januar 2020<br><br>Ach, f\u00fcr Sopran und Ensemble, ist Musik und Drama zur selben Zeit.<br>Mit einem Fernglas richten wir unseren Blick auf den Sopran. Das handelnde Gegen\u00fcber ist durch diese Fokussierung nicht mehr wahrzunehmen.<br>Was wir sehen\/h\u00f6ren, sind dialogischen \u00c4u\u00dferungen der S\u00e4ngerin, aus welchen wir in unseren K\u00f6pfen ein Geschehen ableiten k\u00f6nnen. Dieses Geschehen verweist einerseits nach au\u00dfen auf ein imagin\u00e4res Gegen\u00fcber, auf einen Konflikt. Die \u00c4u\u00dferungen verweisen aber gleichzeitig auch auf die Musik, bzw. entstehen aus ihr heraus. Die Emotionalit\u00e4t der S\u00e4ngerin ist eine musikalische. Ihre W\u00f6rter scheinen die Musik kommentatorisch zu steuern. Durch diese unterschiedlichen Verweisebenen entsteht eine vielschichtige Dramatik, welche eine Geschichte nicht nur darstellt, sondern sie in uns entstehen und uns intuitiv teilhaben l\u00e4sst.<br><br>&#8220;Rostow h\u00f6rte gar nicht, was der Soldat sagte. Er blickte nach den Schneeflocken, die \u00fcber dem Feuer flatterten, und dachte an den russischen Winter mit dem warmen, hellen Haus, dem dichten Pelz, dem schnellen Schlitten, dem gesunden K\u00f6rper und mit all der Liebe und Pflege, die er bei seiner Familie genossen hatte. &#8220;Warum bin ich hierhergegangen?&#8221; dachte er.&#8221;<br>(aus: Leo Tolstoi, Krieg und Frieden, \u00dcbersetzung Herrmann R\u00f6hl)<\/p>\n","protected":false},"excerpt":{"rendered":"<p>Ach for soprano and ensemble (2019\/20)bfl.bcl.bn-pno-s-vln.vla.vc(12 min) PublisherBoosey &amp; Hawkes Berlin First performance Julia Spaeth, Ensemble Aventure, Freiburg, Germany, July 23rd, 2021 TextsComposer&#8217;s Note (01\/2020), only in German Gedanken zu &#8220;Ach&#8221;, Januar 2020 Ach, f\u00fcr Sopran und Ensemble, ist Musik und Drama zur selben Zeit.Mit einem Fernglas richten wir unseren Blick auf den Sopran. Das [&hellip;]<\/p>\n","protected":false},"author":1,"featured_media":0,"parent":0,"menu_order":0,"comment_status":"closed","ping_status":"closed","template":"","meta":{"site-sidebar-layout":"default","site-content-layout":"","ast-site-content-layout":"default","site-content-style":"default","site-sidebar-style":"default","ast-global-header-display":"","ast-banner-title-visibility":"","ast-main-header-display":"","ast-hfb-above-header-display":"","ast-hfb-below-header-display":"","ast-hfb-mobile-header-display":"","site-post-title":"disabled","ast-breadcrumbs-content":"","ast-featured-img":"","footer-sml-layout":"","theme-transparent-header-meta":"","adv-header-id-meta":"","stick-header-meta":"","header-above-stick-meta":"","header-main-stick-meta":"","header-below-stick-meta":"","astra-migrate-meta-layouts":"default","ast-page-background-enabled":"default","ast-page-background-meta":{"desktop":{"background-color":"","background-image":"","background-repeat":"repeat","background-position":"center center","background-size":"auto","background-attachment":"scroll","background-type":"","background-media":"","overlay-type":"","overlay-color":"","overlay-opacity":"","overlay-gradient":""},"tablet":{"background-color":"","background-image":"","background-repeat":"repeat","background-position":"center center","background-size":"auto","background-attachment":"scroll","background-type":"","background-media":"","overlay-type":"","overlay-color":"","overlay-opacity":"","overlay-gradient":""},"mobile":{"background-color":"","background-image":"","background-repeat":"repeat","background-position":"center center","background-size":"auto","background-attachment":"scroll","background-type":"","background-media":"","overlay-type":"","overlay-color":"","overlay-opacity":"","overlay-gradient":""}},"ast-content-background-meta":{"desktop":{"background-color":"var(--ast-global-color-5)","background-image":"","background-repeat":"repeat","background-position":"center center","background-size":"auto","background-attachment":"scroll","background-type":"","background-media":"","overlay-type":"","overlay-color":"","overlay-opacity":"","overlay-gradient":""},"tablet":{"background-color":"var(--ast-global-color-5)","background-image":"","background-repeat":"repeat","background-position":"center center","background-size":"auto","background-attachment":"scroll","background-type":"","background-media":"","overlay-type":"","overlay-color":"","overlay-opacity":"","overlay-gradient":""},"mobile":{"background-color":"var(--ast-global-color-5)","background-image":"","background-repeat":"repeat","background-position":"center center","background-size":"auto","background-attachment":"scroll","background-type":"","background-media":"","overlay-type":"","overlay-color":"","overlay-opacity":"","overlay-gradient":""}}},"_links":{"self":[{"href":"https:\/\/www.johannesborisborowski.de\/en\/wp-json\/wp\/v2\/pages\/1051"}],"collection":[{"href":"https:\/\/www.johannesborisborowski.de\/en\/wp-json\/wp\/v2\/pages"}],"about":[{"href":"https:\/\/www.johannesborisborowski.de\/en\/wp-json\/wp\/v2\/types\/page"}],"author":[{"embeddable":true,"href":"https:\/\/www.johannesborisborowski.de\/en\/wp-json\/wp\/v2\/users\/1"}],"replies":[{"embeddable":true,"href":"https:\/\/www.johannesborisborowski.de\/en\/wp-json\/wp\/v2\/comments?post=1051"}],"version-history":[{"count":2,"href":"https:\/\/www.johannesborisborowski.de\/en\/wp-json\/wp\/v2\/pages\/1051\/revisions"}],"predecessor-version":[{"id":1053,"href":"https:\/\/www.johannesborisborowski.de\/en\/wp-json\/wp\/v2\/pages\/1051\/revisions\/1053"}],"wp:attachment":[{"href":"https:\/\/www.johannesborisborowski.de\/en\/wp-json\/wp\/v2\/media?parent=1051"}],"curies":[{"name":"wp","href":"https:\/\/api.w.org\/{rel}","templated":true}]}}

<p><strong>Ach</strong> for soprano and ensemble (2019/20)<br>bfl.bcl.bn-pno-s-vln.vla.vc<br>(12 min)<br><br><strong>Publisher</strong><br><a rel="noreferrer noopener" href="http://www.boosey.com/Borowski" target="_blank">Boosey &amp; Hawkes Berlin</a><br><br><strong>First performance <br></strong>Julia Spaeth, Ensemble Aventure, Freiburg, Germany, July 23rd, 2021<br><br><strong>Texts</strong><br>Composer&#8217;s Note (01/2020), only in German<br><br>Gedanken zu &#8220;Ach&#8221;, Januar 2020<br><br>Ach, für Sopran und Ensemble, ist Musik und Drama zur selben Zeit.<br>Mit einem Fernglas richten wir unseren Blick auf den Sopran. Das handelnde Gegenüber ist durch diese Fokussierung nicht mehr wahrzunehmen.<br>Was wir sehen/hören, sind dialogischen Äußerungen der Sängerin, aus welchen wir in unseren Köpfen ein Geschehen ableiten können. Dieses Geschehen verweist einerseits nach außen auf ein imaginäres Gegenüber, auf einen Konflikt. Die Äußerungen verweisen aber gleichzeitig auch auf die Musik, bzw. entstehen aus ihr heraus. Die Emotionalität der Sängerin ist eine musikalische. Ihre Wörter scheinen die Musik kommentatorisch zu steuern. Durch diese unterschiedlichen Verweisebenen entsteht eine vielschichtige Dramatik, welche eine Geschichte nicht nur darstellt, sondern sie in uns entstehen und uns intuitiv teilhaben lässt.<br><br>&#8220;Rostow hörte gar nicht, was der Soldat sagte. Er blickte nach den Schneeflocken, die über dem Feuer flatterten, und dachte an den russischen Winter mit dem warmen, hellen Haus, dem dichten Pelz, dem schnellen Schlitten, dem gesunden Körper und mit all der Liebe und Pflege, die er bei seiner Familie genossen hatte. &#8220;Warum bin ich hierhergegangen?&#8221; dachte er.&#8221;<br>(aus: Leo Tolstoi, Krieg und Frieden, Übersetzung Herrmann Röhl)</p>

<p>Ach for soprano and ensemble (2019/20)bfl.bcl.bn-pno-s-vln.vla.vc(12 min) PublisherBoosey &amp; Hawkes Berlin First performance Julia Spaeth, Ensemble Aventure, Freiburg, Germany, July 23rd, 2021 TextsComposer&#8217;s Note (01/2020), only in German Gedanken zu &#8220;Ach&#8221;, Januar 2020 Ach, für Sopran und Ensemble, ist Musik und Drama zur selben Zeit.Mit einem Fernglas richten wir unseren Blick auf den Sopran. Das [&hellip;]</p>
